hat is the tens digit of 5/5 - -4*(r - -22)?
9
Let n(a) = -a + 7. Let w be n(7). Suppose -4*l + 0*s = 3*s - 84, 62 = 3*l + 2*s. Suppose w = -3*o + o + l. What is the units digit of o?
9
Let c = 497 - 479. Suppose -a + 7111 = 5*d, c*d - 23*d = -3*a - 7127. What is the hundreds digit of d?
4
Let k(f) = 65*f + 41. Let g(l) = 131*l + 84. Let m(j) = -2*g(j) + 5*k(j). What is the tens digit of m(7)?
7
Let q(v) = v**2 - 14*v + 3 - 76 - 32. What is the units digit of q(26)?
7
Suppose -2*q - 4*l = l - 31, 4*q = 5*l - 13. Suppose -5 = q*j - 14. Let u(h) = 4*h**3 - 2*h**2 - 3*h + 1. What is the units digit of u(j)?
2
Suppose 0*s + 16*s = 18128. Let v = -693 + s. What is the tens digit of v?
4
Let n = -33 + 33. Let v be (n - -4)/(3/(1005/10)). Let c = v + -54. What is the units digit of c?
0
Let s = 7088 - 2886. Suppose -10*u = s - 12622. What is the hundreds digit of u?
8
Let i = -13841 - -30093. What is the tens digit of i?
5
What is the units digit of ((-94)/141)/(5/(1515/(-2)))*131?
1
Let d(i) = 53*i**3 + 10*i**2 - 2*i - 94. What is the tens digit of d(6)?
0
Suppose p - 68 = -3*v, 0 = 2*v + 2*p - 6*p - 64. What is the tens digit of (32/v)/((-2)/(-681))?
5
Let g be (-42)/(-63) + (-256)/6. What is the hundreds digit of 1*12/g + 22566/42?
5
Let k = -13643 + 25993. What is the thousands digit of k?
2
Let n = 17598 + -7929. What is the units digit of n?
9
Let k(s) = s**3 - 5*s**2 - s - 42. Let o be k(10). Let j = 1149 - o. What is the tens digit of j?
0
Let y be 756/24*(-6)/(-3). Let u = y - 58. Suppose 2 = 3*h - 10, -4*d + u*h = -204. What is the tens digit of d?
5
Suppose 5*n + 3*b = 10265, -8*b = -3*n - 13*b + 6143. Let p = n - 614. What is the tens digit of p?
4
Let p(w) = -107*w**2 - 2. Let y(c) = 2*c + 31. Let z be y(-16). Let r be p(z). Let h = r - -267. What is the hundreds digit of h?
1
Suppose 0 = 22*g - 73876 - 113564. What is the tens digit of g?
2
What is the tens digit of (-6)/(-4) + (-3)/6 + (-222816)/(-96)?
2
Let j(a) = 8*a**3 - a**2 + 2*a - 3. Let h be j(-2). Let d = 71 + h. What is the units digit of ((-387)/(-15))/(d/(-20))?
9
Suppose 4*j - 347 + 43 = 0. Suppose 0 = 5*x - 2*x - 9. Suppose -m = -x*m + j. What is the tens digit of m?
3
Let f be (-256)/(-32) - (2/(-1) - -6). Let z(j) = 12*j**3 - 2*j**2 - 22*j + 60. What is the units digit of z(f)?
8
Let g(w) = -13*w**2 - 7*w. Let h(m) = 7*m**2 + 4*m. Let f(s) = -6*g(s) - 11*h(s). Let z be f(5). Suppose 5*j = 6*j - z. What is the tens digit of j?
1
Let f(n) = 52*n - 302. Let j be f(11). Suppose -4*b - 1712 = -4*o, -2410 = -5*o - b - j. What is the units digit of o?
8
Let z(b) = 785*b**2 + 8*b - 16. Let g be z(2). Suppose 5*q + 2*p - g + 55 = 0, 2*q - 1253 = 3*p. What is the tens digit of q?
1
Suppose 2*o + 250 + 5768 = 5*g, -1207 = -g - 3*o. Let a = g + -4. What is the hundreds digit of a?
2
Let r = 5662 - 583. What is the tens digit of r?
7
Let k(u) = 2*u - 43. Let i be k(22). What is the tens digit of (-153)/(-6)*(i - -21)?
6
Let f(u) = 28*u - 9. Let s be f(0). What is the tens digit of (-15)/(-10)*((-2640)/s - -2)?
4
Suppose 424189 - 1543401 = -109*g. What is the ten thousands digit of g?
1
Let z(d) = 1244*d + 551. What is the units digit of z(3)?
3
Let v(q) = q**2 - 34*q + 123. Let f be v(30). Suppose -2*d + 4*g = -694, -3*d + 773 = -f*g - 262. What is the hundreds digit of d?
3
Suppose 5*x + 5*d = 346665, -2*x + 311*d + 138642 = 307*d. What is the tens digit of x?
2
Suppose 0 = 3*j + 279 - 780. What is the hundreds digit of j?
1
What is the tens digit of (-5)/((-105)/(-12)) - 588474/(-21)?
2
Let x = -475 - -477. What is the tens digit of (-56)/(-32)*158*x?
5
Let s(u) = -17*u**2 + 3*u - 16. Let d be s(4). Let l = 279 + d. What is the units digit of l?
3
Let a = 24233 + -11598. What is the thousands digit of a?
2
Let v be 48 + (12/3 - 5). Let q(x) = x**2 + 6*x + 16. Let a be q(-7). Suppose v + a = w. What is the units digit of w?
0
Suppose 3*d - 14 = -2*g + 33, 3*g - 88 = -d. Let u = g + 77. Suppose u = 2*n - 36. What is the units digit of n?
2
What is the tens digit of 12 - 2136/(0 - (-10)/(-60))?
2
Let h = -28 - -25. Let a be 8/h*(-12)/8. Suppose -5*k - 3*f + 411 = 0, -f = -3*f + a. What is the tens digit of k?
8
Let r(b) = 7*b - 224. Let s be r(29). What is the hundreds digit of (-1110)/(-3) - s/21?
3
Let a be (-3 - -1) + (1240 - 0). Let h = 4415 - 4411. Suppose -a = -5*x + h*b, -x - 4*x + 1241 = -3*b. What is the hundreds digit of x?
2
Let p(b) = 6*b**2 - 18*b + 76. Let f(c) = 8*c**2 - 41*c + 14. Let k be f(5). What is the units digit of p(k)?
0
Suppose 2*a + 2*q = -814, -2*a - 3*q = -3*a - 395. Let j = a - -758. What is the tens digit of j?
5
Let h = 7 + -2. Let m(d) = 2*d**3 - 9*d**2 - 14*d + 128. Let u be m(8). Suppose h*s + 169 - u = 0. What is the tens digit of s?
5
Suppose 0 = -8*n + 4*n - 892. Let d = -120 - n. What is the tens digit of d?
0
Suppose -556 = -4*g + 2*a, -5*g + 696 = -18*a + 15*a. Suppose -g = l - 594. What is the tens digit of l?
5
What is the ten thousands digit of (3 + 11)*-1 - -26499?
2
Let g(s) = 2122*s**2 + 139*s + 624. What is the hundreds digit of g(-5)?
9
Suppose -5 = 3*q - 11. Suppose q*a = -2*a + t + 12, -4*a + 20 = -3*t. Suppose -a*c + 0*c = -3*w + 273, -439 = -5*w - 2*c. What is the tens digit of w?
8
Suppose 15 = -5*r, 0*r = c - 2*r - 526. Suppose -c = -5*z - 5*v, -3*v - v + 216 = 2*z. What is the tens digit of z?
0
Suppose -4*n = -3*b - 5112, -54*b + 49*b = 0. What is the thousands digit of n?
1
Suppose 25*i + 34*i + 11215 - 1973437 = 0. What is the hundreds digit of i?
2
Let q = 216 + -97. Let z = 646 - 429. Let l = z - q. What is the tens digit of l?
9
Let z = 2702 - -4021. What is the thousands digit of z?
6
Suppose 4*b - g = 2529, b + 2*b = -2*g + 1894. Let v be b - 0 - 1/1*-2. Suppose 2 = -u + 4, -4*j - u = -v. What is the hundreds digit of j?
1
What is the hundreds digit of (11680/(-24) + -7)*-15?
4
Suppose -11*h = -13*h - 2. What is the hundreds digit of (-19019)/(-52) + h/(-4)?
3
Suppose -3*z + 0 - 3 = 0, 0 = 5*o - 3*z + 3792. Let y = o + 1100. What is the tens digit of y?
4
Let p(t) = -t**3 - 13*t**2 - 39*t + 10. Let a be p(-8). Suppose -9*w = 4*m - 10*w - 6488, -a*m + 3*w = -3234. What is the hundreds digit of m?
6
Suppose 2*c = -5*i + 109112, -22648 = -2*i - 5*c + 21022. What is the ten thousands digit of i?
2
Suppose 115*d + 216546 - 44770 = 131*d. What is the ten thousands digit of d?
1
Suppose 4*f = -5*j + 16266, j - 315*f + 316*f = 3253. What is the hundreds digit of j?
2
Suppose -14*p - 163392 = -31*p + 11*p. What is the thousands digit of p?
7
Let n = 9674 + 26052. What is the tens digit of n?
2
Let i = -18 + 25. Suppose -2*g - f + 1717 = -i*g, -2 = -f. Let q = 502 + g. What is the hundreds digit of q?
1
Suppose 27*i = 21 + 33. Suppose -3*k - 40 = 14*w - 15*w, i*w - 73 = -k. What is the tens digit of w?
3
What is the hundreds digit of 1743/((4/1)/4 + 0)?
7
Let v(d) = -6*d**2 - 13634 + 7*d + 0*d**3 + 13678 - 2*d**3. What is the tens digit of v(-8)?
2
Let k(g) = -20*g + 2. Let p be k(-15). Suppose 3*f = 4*f + 212. Let m = p + f. What is the units digit of m?
0
Let l(h) = h**3 + 11*h**2 + 12*h - 13. Let k = -24 + 13. Let b be l(k). Let u = 65 - b. What is the tens digit of u?
1
Let q(j) = -3*j - 29. Let k(u) = -5*u - 59. Let i be 63/(-14)*8/(-6). Let b(g) = i*k(g) - 11*q(g). What is the units digit of b(17)?
6
Let z(q) = 140*q**3 + 2*q**2 + 12*q - 34. What is the units digit of z(3)?
0
Let f = 206 + -201. Let h(d) = 4*d**3 + d**2 - 5*d + 11. What is the units digit of h(f)?
1
Let i = 46463 - 26203. What is the units digit of i?
0
Let p(v) = -298*v. Let o(h) = -302*h + 1. Let u(g) = -4*o(g) + 3*p(g). Suppose 0 = -q + t + 3, t + 2 - 4 = -4*q. What is the tens digit of u(q)?
1
Suppose 63*a = 38*a - 89*a + 228. Let x = 690 - 383. Suppose -3*o = 2*p - a*o - x, o - 617 = -4*p. What is the units digit of p?
5
Let o(y) = 120*y**2 + 25*y + 26. What is the units digit of o(-12)?
6
Suppose 77 = -5*h - 198. Let z = h - -57. Suppose -36 = -s - 2*a, 7*s - 188 = 2*s - z*a. What is the tens digit of s?
3
What is the ten thousands digit of (-32)/40 - (4/(-30) - (-549164)/(-21))?
2
Let w(f) = 43*f - 3. Suppose -r + 2 = 4*i - 11, 0 = -5*i + 15. Let b be (6*3/9)/r. What is the units digit of w(b)?
3
Let m(o) = -o**3 + 9*o**2 + 10. Let b be m(9). What